2) - (-17025)/6?
2
Suppose -2251 = -u - 2*r, -2965 = -u + 4*r - 702. Suppose 10*z - u = -z. What is the units digit of z?
5
Let o be (78/65)/((-6)/(-20)). Suppose -o = 2*q, 2*q = 5*g - q - 1176. What is the units digit of g?
4
Let c be (-2)/(-11) + ((-272)/44 - -6). Suppose -3*j - 5*h + 183 = c, 4*j = 3*h + 36 + 179. What is the units digit of j?
6
Let v(k) = 14*k**2 + 22*k + 25. Let i be v(-8). Suppose -10*m - i = -2505. What is the hundreds digit of m?
1
Suppose -v = q - 11, 2*v + 3*q = 2*q + 21. What is the tens digit of 1380/v - -1*4?
4
Suppose -48 = -2*o + 5*r, -4*r + 66 = 2*o - 18. What is the units digit of o?
4
Let t = 103 - 383. Let l be (t/50)/((-4)/10). What is the units digit of (-4)/(-5)*945/l?
4
Suppose -2*o = -5*a + 10*a - 7136, 0 = -4*a + 4*o + 5720. What is the hundreds digit of a?
4
Let j be 358/2 + (10 - 10). Suppose 32 - j = -3*p. Suppose 2*w = 4*w + 5*y - p, -5*w + y = -190. What is the tens digit of w?
3
Let a(p) = 2 + 2 - 3 - 2 - p. Let i(d) = 10*d + 15. Let r(s) = 5*a(s) + i(s). What is the tens digit of r(5)?
3
Let x be 2/((-326)/(-108) + -3). Suppose -4*v - x = -8*v. What is the units digit of v?
7
Let d = -36 + 39. Suppose 2*h + 5*o - 35 = -d*h, 4*h - 25 = -o. What is the units digit of h?
6
Let w = -10 + 18. What is the tens digit of (28 - 0) + (w - 5)?
3
Let w be (-123 - 15/(-5))*-8. Suppose 5*f = 5*a - w, -f - 1050 = -5*a - 98. What is the hundreds digit of a?
1
What is the tens digit of (-14 - -19)/(20/2104) + -6?
2
Let d = -6 - -47. Suppose 30 = w - d. What is the tens digit of w?
7
Let c be 2 - (1 + 0 - -1). Suppose 0 = 5*r + 2*j + 14 + 25, 5*r - 2*j + 31 = c. Let a(d) = -3*d - 10. What is the units digit of a(r)?
1
Suppose -57*p = -55*p - 2238. What is the hundreds digit of p?
1
Let r(y) = 1 + 7 - 24*y**3 + 15*y**2 - 17*y + 23*y**3. What is the hundreds digit of r(7)?
2
Let i(x) = -x**2 - 4*x - 1. Let k be i(-3). Suppose 0 = -3*b - 1 - k. Let o(w) = -16*w**3 + w**2 - 1. What is the units digit of o(b)?
6
Let n = 64 + -59. Suppose -2*v = -3*z + 253, -n*z - v + 3*v + 423 = 0. What is the units digit of z?
5
Suppose q = 4*x - 17, 3*q + 4 + 7 = 4*x. Suppose -q*w = 3*s + 3, -6*w = -4*w + 3*s + 2. What is the units digit of w/3 - 10/(-3)?
3
Let t(u) = 3*u + 1904. Let s be t(0). What is the units digit of s/38 + (-8)/76?
0
Suppose -2*q = 2*q + 16. Let g be 437/3 + q/6. Suppose -2*s - 37 + g = 0. What is the units digit of s?
4
Let k = -1 - 2. What is the units digit of (28 - (3 + k)) + -3?
5
Let c be -4 + 177 + -4 + 3. Suppose -k + 81 = r, -4*r + 2*r + 3*k + c = 0. What is the tens digit of r?
8
What is the hundreds digit of (1 + (-457)/7)/((-16)/112)?
4
Let z(g) = -2*g - 3. Let s be z(-1). Let m = 132 - s. What is the units digit of m?
3
Let b = -60 - -291. Let a = b + 16. What is the hundreds digit of a?
2
Let a(c) = -c**2 + 30*c - 30. Let b = 12 + 14. What is the tens digit of a(b)?
7
Let k be (2 + 0)*(-6)/(-4). Let l be 176 - (-4 + k) - -3. Suppose -l = -5*f - 20. What is the units digit of f?
2
Let a(d) = 104*d**2 - 17*d - 24. What is the units digit of a(-4)?
8
Let g(x) be the third derivative of 17*x**5/60 + x**4/12 - 4*x**3/3 + 19*x**2. What is the tens digit of g(3)?
5
Let f(t) = -4*t**3 - 4*t**2 - 2*t + 4. Let b be f(-3). Suppose 11*p = 9*p + b. What is the tens digit of p?
4
Let q be 9*(-3)/(-9) + 4. Let n(p) = p - 9. Let r(j) = -j + 5. Let k(c) = q*r(c) + 4*n(c). What is the tens digit of k(-15)?
4
What is the thousands digit of (3 - 2) + -8 + 1049?
1
Suppose 0 = 197*l - 184*l - 38909. What is the tens digit of l?
9
Let y = 8 + 10. Let t = 18 + y. What is the tens digit of t?
3
Let r be (5/10)/(2/16). Suppose r*q = 2*q - 8. What is the units digit of -2 - q - (6 + -9)?
5
Let v(n) = 3*n**3 - 6*n**2 + 5*n + 8. Let j(i) = -16*i**3 + 29*i**2 - 25*i - 40. Let o(x) = -2*j(x) - 11*v(x). What is the units digit of o(6)?
4
What is the units digit of 1 - 11180/(-84) - 52/546?
4
Let o = 15 + -14. Let x be 158/(-4) + o/(-2). Let t = x + 66. What is the tens digit of t?
2
Suppose 137 = 5*h - 123. Suppose -2*u + 46 = -h. Suppose u + 11 = 2*f. What is the tens digit of f?
3
Suppose -2*x - 1 = 3. Let i be (x/(-4))/(4/40). Suppose -3*v - 2 + 21 = t, -i*t + 3*v = -5. What is the units digit of t?
4
Let p = 24 - 24. Suppose 145 = 5*g - 3*k, p = -g + k - 3*k + 29. What is the tens digit of g?
2
Let s = -806 - -1412. What is the tens digit of s?
0
Let f(y) = -y**3 + 14*y**2 + 3. Let v be f(14). Let i = v + 31. Let d = 54 - i. What is the units digit of d?
0
Let p be (-9)/15*-5 - -2. Suppose k + 131 = 5*a, 4*k + p = 1. What is the units digit of -1 + a + 3 + -4?
4
Suppose 0 = -3*v - 5 - 7. What is the tens digit of (3 - (-14)/v)/((-1)/124)?
6
What is the hundreds digit of (-16)/(384/(-18))*2524/3?
6
Let n = 8675 + -6016. What is the hundreds digit of n?
6
Let b(w) = -15*w**3 - 12*w**2 + 21*w. What is the tens digit of b(-6)?
8
Let w be 17/2 + (-6)/4 + -3. Let c = 6 + 0. Suppose -14 + c = -w*x. What is the units digit of x?
2
What is the tens digit of (-270)/25*(-235)/3?
4
Let k(b) = -b**2 + 5*b + 3. Let s be k(6). Let n be s/(2 + (-4 - 1)). What is the units digit of 4/n - (2 - 5)?
7
Let f(q) = -q**2 - 2*q + 16. Let m be f(-7). Let d = 79 - m. What is the units digit of d?
8
Let h = -34 - 24. Let x = 169 + h. What is the units digit of x?
1
Let a(b) = 3*b + 4. Let t be a(-3). Let z(d) = -5*d**2 + d + 7. Let p(j) = -8*j**2 + 3*j + 13. Let k(q) = 4*p(q) - 7*z(q). What is the units digit of k(t)?
3
Suppose -5*m + 3*m + 6 = 0. Let n be 9/m + (1 - 2). Suppose -3*f + 100 = n*f. What is the units digit of f?
0
Let g = 10900 - 6018. What is the hundreds digit of g?
8
Let g(d) = d**2. Let z be g(-2). Let u = -63 - -35. Let f = z - u. What is the units digit of f?
2
Let d = 218 + -398. Suppose 2*g - 20 = -2*g. What is the tens digit of ((-8)/g)/(8/d)?
3
Let n be ((-518)/(-42))/((-1)/3). Let s = n + 73. What is the units digit of s?
6
Let a(j) = j**3 + j**2 - 2 + 4 - 5*j**2. Let c be ((-42)/(-35))/((-6)/(-20)). What is the units digit of a(c)?
2
Suppose 0 = 2*g - h - 7487, 3606 + 3877 = 2*g + 3*h. What is the hundreds digit of g?
7
Let s = -17 + 27. Suppose 12*i - s*i = 22. What is the tens digit of i?
1
Let x(q) = -q**3 - q. Let z(a) = 5*a**3 - a**2 - 4*a + 1. Let k(i) = 5*x(i) - z(i). Let o be 1/(3/(-2 - 1)). What is the units digit of k(o)?
1
Let h(v) = v**2 + 3*v + 6. Let f be h(-4). Suppose -n = 4*n - f. Suppose 4*y = n*y - 3*m + 18, m = -4. What is the tens digit of y?
1
Let m(h) = -5*h - 12. Let t be m(-3). Suppose -t*b = -5*f - 71, b + f + f - 42 = 0. What is the units digit of b?
2
Let p(i) = i**2 - 3*i. Let a be p(3). Suppose a = -3*x - 0*x - 6, 3*m - 67 = 5*x. Suppose 40 = 2*z + 2*k, -2*z + 63 = k + m. What is the tens digit of z?
2
Let l = 12 + -12. Suppose l = 3*y + 2*i + 3*i + 17, -4*i - 16 = 3*y. What is the units digit of -6*(-3 - y)*-4?
4
Suppose -5 = 2*q + 3*z + 24, 4*z + 41 = -3*q. Suppose 2*r - 37 = -5*s, -6*s + s - 5*r + 40 = 0. What is the units digit of (q + 5)*s/(-2)?
7
Suppose -t + 684 = -4*y + y, 1147 = -5*y + 4*t. Let j = 84 - y. What is the tens digit of j?
1
Let f(g) = -g**3 + 11*g**2 - 17*g - 12. Let a be f(9). What is the tens digit of (6/(-15))/(a/165)?
2
Suppose -5*u = -p - 181, -3*u + 33 + 82 = p. Let q = u + 6. What is the units digit of q?
3
Suppose 4*d = -2*z + 4*z + 2028, -4*d = -3*z - 2032. What is the units digit of d?
5
Suppose 5*t - 14 - 56 = 0. Suppose 0 = -4*q + t + 38. What is the tens digit of q?
1
Let i(d) = -d**3 - 12*d**2 - 16*d - 10. Let s be (55/(1 + -6))/1. What is the tens digit of i(s)?
4
Let x = -79 - -764. What is the units digit of x?
5
Let f(t) = 7*t**3 + 5*t**2 + 6*t. Let a(b) = -8*b**3 - 4*b**2 - 5*b. Let d(q) = 6*a(q) + 7*f(q). What is the tens digit of d(-8)?
9
Let b be 101 + 2*12/(-8). Let y = b - 44. Suppose -91 = -5*s + y. What is the units digit of s?
9
Let v(m) = -m**3 + 10*m**2 - 10*m + 9. Let r be v(9). Suppose r*h = -4*w + 4*h - 380, 5*h + 155 = -2*w. What is the units digit of w*(0 - (-4)/(-6))?
0
Let b(q) = 82*q**2 + 3*q. Let k be b(1). What is the tens digit of 11067/k + (-1)/5?
3
Suppose -563*z = -564*z - y + 1406, 3*z = -2*y + 4213. What is the tens digit of z?
0
Let t(p) = p**2 + 7*p + 10. Let l be t(-6). Suppose 3*g = -l*g + 371. What is the tens digit of g